?
-11
What is -13 - (-3 - -5) - -8?
-7
Calculate -13 + (47 - (18 - 7)).
23
What is -30 + 14 - (-10 - 8)?
2
What is the value of 37 + -13 + -58 + 43?
9
What is (-2 - (12 - (-7 - -14))) + 3?
-4
What is 7 + -13 + (1 - 3) + 8 + -1?
-1
(-11 - -5 - -14) + 2 + -6 + 3
7
Calculate 2 + (0 - (35 + -34 + (0 - -9))).
-8
What is the value of 5 - (-31 - 9 - -34)?
11
Evaluate 6 - (5 + (1 - 8) + 2) - -1.
7
Evaluate 46 + (-19 - ((11 - 34) + 14)).
36
4 + ((-2 - 24) + -1 - (194 + -198))
-19
What is 3 - (19 - (67 + -27))?
24
What is -28 + -10 - -67 - 16?
13
(3 - 4) + -3 - (4 - 3 - -5)
-10
What is 40 + -20 + (-19 - -22)?
23
Calculate (2 - 0) + -14 - (4 + -10).
-6
Evaluate -25 + 20 + 21 - 37.
-21
Calculate -1 + 1 - ((-10 - -14) + -5 + 10).
-9
What is the value of -1 + -20 + -3 + 17?
-7
6 - -2 - (2 + 10 + -6) - -13
15
-10 + (-12 - (-11 + -8 - -10)) + 3
-10
Calculate -2 + (9 - 13 - 10) + 3 + -1.
-14
-65 - -67 - (-3 + 27)
-22
What is -15 - (-23 + (26 - 17))?
-1
Calculate (-24 - 18 - -38) + (1 - 18).
-21
What is 9 + -12 + -22 + -12 + 2?
-35
What is (0 - (23 - 39)) + (-49 - 1)?
-34
Evaluate 0 - 10 - (-183 - -161).
12
What is the value of 31 + -19 - (7 - -5)?
0
What is the value of 18 + 1 - 4 - 45 - -7?
-23
What is the value of 59 + -44 - 19 - ((10 - 1) + 3)?
-16
What is the value of 229 - 214 - (-2 - -2)?
15
What is the value of -24 + -18 + 13 - -29?
0
What is -21 - (-2 + -6) - -20?
7
What is (6 - (10 - 5)) + 3 - -9?
13
17 - (29 + -23) - -5
16
What is (-9 - 2 - -1) + -1 + 2?
-9
3 + -1 + 436 + -427
11
Calculate (72 - 78) + 9 + -1 + 6 + 1.
9
What is the value of -4 + (25 - 4) + 0 + -1 + -6?
10
What is the value of -25 + 1 + -4 + (9 - (13 - 6))?
-26
What is the value of (-8 - -38) + -7 + 1 + -3?
21
-11 - (-11 + -3) - (10 - 4 - 0)
-3
-2 + -3 + (29 + -18 - 20)
-14
What is 7 + 0 + 14 + -1 + -11 + -7?
2
What is 2 + (-20 - -32 - (0 + -2))?
16
What is the value of (-64 - -30) + 33 + 4 + -3 + 5?
5
What is (4 - (0 + -1)) + (31 - (12 + 27))?
-3
What is the value of -2 - 1 - (4 - ((2 - 13) + 15))?
-3
What is 3 - (5 + -3 + 6)?
-5
What is the value of 1 + -33 + (899 - 903)?
-36
Evaluate -1103 - -1071 - (3 + 3 + -7).
-31
2 + -21 + 20 - (-2 - 0)
3
Calculate -1 - 33 - (-49 - (-35 - 1)).
-21
Evaluate 0 + 8 - ((13 + 13 - -5) + -10).
-13
What is 0 + 5 + -219 + 210?
-4
What is (1 - -6) + (-31 - -9) + 19?
4
Calculate 16 + (-2 - -7 - -1).
22
What is the value of (20 - 36) + (3 - -28)?
15
What is the value of 4 + (-13 + 8 - -5) - (-7 - 0)?
11
What is the value of -28 + -7 + -54 + 77?
-12
Calculate -2 + 19 + 2 - (35 - 85 - -47).
22
Calculate (-1 - 1 - (15 + -36 + 29)) + 26.
16
-4 + (-48 + 23 - -18) + -7 + 1
-17
Evaluate (4 + -4 - -4) + -2 - 2.
0
What is the value of 5 + -7 + 1 - (-5 - 1)?
5
Calculate (26 + -17 - -12) + (-1 - 7).
13
Evaluate 6 + -14 + (1 - -5) - -18.
16
Evaluate 15 - (13 - -1 - -7).
-6
What is the value of 1 - (-3 + 1 + 4 + 1 - 11)?
9
-8 - -2 - -8 - (-6 - -4 - -3)
1
(-189 - -193) + (21 - -2) + 1
28
Evaluate 5 + 4 + -1 + (-11 - -6 - 6).
-3
What is the value of -14 + 2 + (0 + 10 - (6 + 6))?
-14
What is 2 + (-17 - -19) - -22 - 1?
25
3 + (4 - -1) - (10 + -7)
5
What is -2 - (-9 + 14 + -3) - -5?
1
Evaluate -42 + 0 - (23 + -44).
-21
What is -71 + 17 - -44 - (0 + (-1 - -5))?
-14
-13 - ((4 - 9) + -11)
3
What is 6 + -1 - (-29 + 48 - 14)?
0
What is -1 - (-19 - -11) - (-4 + 1 - -10)?
0
What is -4 + -11 + (18 - 3 - 9)?
-9
Calculate (3 - (-1 - 0) - (99 - 100)) + -5.
0
(-110 - -125 - (1 - -13)) + 2 + 1
4
Calculate (-35 - -31) + -3 + (3 - 1) + -6.
-11
Calculate (-1 - (15 + -14)) + (3 - 13) + 0.
-12
Calculate -712 + 716 - (-25 - -1).
28
-7 + (-18 - -6 - -12)
-7
What is -12 + (-5 - -8) + 2 + 2 - 10?
-15
24 - ((-19 - -3) + 5 - -15)
20
Evaluate (-21 - -1) + (-28 - 22 - -36).
-34
What is 12 - (4 + 1 + 11)?
-4
What is the value of 2 + (7 - 17) + (0 - 10) - -2?
-16
14 - (-15 - (-25 - -12))
16
-107 + 128 - (1 + 32)
-12
Calculate -7 + (-3 - (14 - 24)) + -24.
-24
(-346 - -327) + (0 - -20)
1
-12 + 4 + (62 - 68)
-14
Calculate (-254 - -261) + 0 + -2.
5
52 - 45 - (3 + 1 + (-1 - 13))
17
What is the value of -117 + 60 + 49 - (11 + 1)?
-20
Evaluate 19 + -11 - 8 - (-5 - -1).
4
What is the value of -21 - (3 + -22 - -3)?
-5
What is the value of 9 + -1 + 1 + 1 + -20 + 17?
7
Calculate -4 + 0 + -8 + -3 + -1 + 14.
-2
Calculate -17 + 26 + -20 - 3.
-14
Calculate 15 - (-19 + -4 - -46).
-8
Calculate -31 - (-33 - (13 - 28)).
-13
What is the value of (-28 - (-3 + -20)) + (3 - -8)?
6
Evaluate (16 - (12 + 5 - 14)) + -21.
-8
4 - (9 - (-36 + 14 + -10))
-37
Calculate (-14 - -7) + 7 + 9 - 18 - 8.
-17
(1 - -4) + (254 - 261)
-2
2 - (3 + -12 + 3)
8
What is the value of -10 - ((91 - 99) + (-1 - -7))?
-8
What is the value of 47 + -11 + -16 + -32?
-12
What is the value of 5 - (-11 + 18 - 12)?
10
Calculate -18 + (36 - 19 - 18).
-19
Evaluate 2 - 14 - 3 - (10 - (2 - -13)).
-10
(-7 - (0 - -20)) + 19
-8
What is the value of -2 + (-19 - (12 - (15 - 10)))?
-28
What is the value of (-5 - (-6 - -7) - -1) + 15?
10
What is -7 + 1 + -9 + 13 + -2?
-4
17 - (28 - (2 - -14))
5
Calculate -19 - (19 + -31) - -15.
8
Calculate 9 - ((-11 - -13) + -4).
11
What is 7 + (2 - -1) + 0 + (12 - 4)?
18
-13 + 2 + (-396 - -414)
7
2 + -16 + 985 + -989
-18
What is 3 + -13 + 9 + 3?
2
What is the value of 8 + -53 + 18 + 23?
-4
What is the value of -28 - -27 - (5 + 0 - -4)?
-10
(35 - (1 - -7)) + (-7 - 2)
18
-10 + (11 - (15 + -10)) + 3
-1
(4 - -3) + -4 - (-3 + -1) - 13
-6
What is 8 + (6 - (5 + 0 + -1))?
10
Calculate -4 - -7 - 16 - -15.
2
Evaluate -13 + -1 + (-73 - -34 - -65).
12
What is the value of (-14 - -21 - (-1 - -13)) + -7?
-12
What is the value of 30 - 26 - (4 - -11)?
-11
What is -12 + 16 - (-43 - -47)?
0
Evaluate -9 + (5 - 2) + 22 + -8.
8
What is the value of (0 - 0) + 1537 + -1519?
18
20 + 16 + -14 - 15
7
What is the value of 6 + (-24 - -8) + (-2 + -1 - -8)?
-5
-56 + 74 + -3 + 8
23
Evaluate 4 + (16 - (36 + -15)).
-1
What is the value of -28 + -9 + 17 + (-3 - -2) - 2?
-23
Evaluate -14 - -4 - (8 + -19 + -4).
5
20 + (1 + (4 - -2) - (5 - -7))
15
(-8 - 0 - -23) + -9
6
Evaluate (-9 - (-5 - -2 - -1)) + 16.
9
7 - (3 + -4) - (39 - 48)
17
What is the value of 41 + (-46 - -22) + 8?
25
What is the value of (-1 - -1) + (-5 + (-7 - -6) - 6)?
-12
Evaluate (-30 - (-76 + 24)) + (-2 - 7).
13
Calculate (2 - 2) + (16 + -25 - -8).
-1
-34 + (53 - 22) + 5
2
What is the value of -47 - (-37 - -2) - (1 + -5)?
-8
Evaluate -6 + (37 + -10 + -5 - 6).
10
21 - ((8 - (3 - -4)) + 0 - -2)
18
What is the value of 12 + -27 - -30 - 16?
-1
What is 21 + (-1 - 4) + (16 - 19)?
13
What is -6 - (-38 - (0 + (-4 - (6 - 8))))?
30
-5 - (2 - -5) - (42 - 79)
25
Evaluate 26 + (-3 - (19 + -3 - 8)).
15
Calculate 14 + -10 + 11 - 23 - 12.
-20
What is -20 - (-13 - 9) - (1 - 9)?
10
Calculate -3 + 4 - (3 - (-3 - -2)) - -6.
3
Evaluate (-7 - (11 - 8)) + (0 - -4).
-6
Calculate (-1 - (-5 - -5) - -5) + 88 + -127.
-35
Evaluate 20 + -17 - (-2 - -10) - (4 + -18).
9
Calculate -11 - (1 + -3) - (-2 + (-22 - -3)).
12
-15 + 32 + -21 + 9
5
What is (8 - 3 - 8 - 5) + -13?
-21
Calculate -33 - (-37 + (23 - -1)).
-20
Evaluate (17 + -17 - 1) + 27 + -10.
16
What is the value of 23 + (23 - 69) - -13?
-10
Evaluate (13 + -6 - 3 - 5) + 1 - 17.
-17
(-28 - -39) + -1 + -2 - -2
10
Evaluate -18 + -2 - (2 - (-6 + 16)).
-12
(-1 + -30 - (-139 + 136)) + 1
-27
-2 + 13 - ((13 - 3) + (-25 - -18))
8
What is the value of 666 + -660 + 0 + -26?
-20
Calculate (-8 - 14) + 24 - (0 + 2 + 0).
0
Evaluate (37 + -34 + -10 - (-17 + 0)) + -8.
2
What is (9 + -2 - -5) + -9?
3
Calculate 19 - (23 - (21 + -10)).
7
Calculate 8 - ((1 - (-3 - -2)) + (-6 - -10)).
2
Evaluate 8 - (13 + -13 + -4).
12
What is 40 + 7 + -34 + -14?
-1
What is (-17 - -14) + 1 + 22 - 9?
11
Evaluate 5 - -1 - -2 - (-90 - -97).
1
Evaluate (2 - -15) + -17 + 2.
2
Evaluate 9 + 1 + -3 + -2.
5
11 + -9 - 6 - -13
9
What is the value of (8 + -36 - -4) + (1 - (-7 + 0))?
-16
-23 + -3 + 0 + (-11 + 23 - 13)
-27
What is the value of (-22 - 5) + 182 + -130?
25
What is the value of 23 - 16 - (31 - 26 - (4 - -1))?
7
Evaluate -9 + 0 - (-47 + 45).
-7
10 + 0 + 3 + -13
0
Calculate -22 - (9 - 29) - 14.
-16
What is the value of -28 + (9 - (-60 - -38))?
3
Evaluate -13 + (19 - -3) + -19.
-10
Calculate 0 - ((24 + -3 - 18) + 0 + 2).
-5
What is (-35 + 5 - -51) + 7?
28
What is -23 + 1 - (-4 + -3 + 7)?
-22
What is the value of (-9 - 4